or of 2764964?
False
Is 65 a factor of 12676200?
False
Is 77 a factor of 38885?
True
Is 168 a factor of 2075718?
False
Does 491 divide 1259415?
True
Does 49 divide 1515814?
False
Does 894 divide 3174133?
False
Is 9 a factor of 228537?
True
Does 43 divide 152607?
True
Is 11 a factor of 217646?
True
Is 1315849 a multiple of 392?
False
Does 625 divide 15256524?
False
Does 124 divide 865396?
True
Is 416941 a multiple of 25?
False
Does 123 divide 220738?
False
Is 791 a factor of 2478994?
True
Is 13 a factor of 911854?
False
Does 37 divide 6987445?
False
Does 16 divide 623344?
True
Does 2 divide 252828?
True
Is 979640 a multiple of 20?
True
Is 9574908 a multiple of 62?
True
Does 20 divide 8252704?
False
Does 398 divide 609736?
True
Is 10892 a multiple of 72?
False
Is 2 a factor of 261463?
False
Is 56 a factor of 179261?
False
Is 1743689 a multiple of 72?
False
Does 178 divide 74226?
True
Is 4177240 a multiple of 12?
False
Does 50 divide 20133?
False
Is 3016 a factor of 32452160?
True
Is 1989313 a multiple of 409?
False
Is 468485 a multiple of 25?
False
Is 60 a factor of 1123433?
False
Is 159 a factor of 29012?
False
Is 169 a factor of 483335?
False
Is 50 a factor of 103850?
True
Is 503998 a multiple of 682?
True
Is 4757643 a multiple of 244?
False
Is 3379154 a multiple of 16?
False
Does 92 divide 365908?
False
Does 268 divide 98761?
False
Is 5207742 a multiple of 208?
False
Does 8 divide 52601?
False
Is 26814 a multiple of 2?
True
Is 117 a factor of 2866383?
True
Is 3 a factor of 29505?
True
Is 214 a factor of 106188?
False
Is 250863 a multiple of 137?
False
Does 375 divide 3995137?
False
Does 4 divide 35112?
True
Is 46 a factor of 7043520?
True
Is 35 a factor of 6502510?
True
Is 802 a factor of 3625031?
False
Is 13 a factor of 170375?
False
Is 389902 a multiple of 61?
False
Is 1364 a factor of 6133908?
True
Is 145114 a multiple of 8?
False
Is 15 a factor of 51455?
False
Does 644 divide 6584256?
True
Is 38 a factor of 60802?
False
Does 15 divide 2239?
False
Is 5142299 a multiple of 991?
True
Is 14 a factor of 1782413?
False
Is 510 a factor of 14280?
True
Is 704240 a multiple of 16?
True
Is 18 a factor of 385073?
False
Is 39099 a multiple of 196?
False
Is 10639008 a multiple of 1272?
True
Is 23125 a multiple of 146?
False
Does 510 divide 157590?
True
Is 42390 a multiple of 22?
False
Is 10 a factor of 108138?
False
Is 7273050 a multiple of 25?
True
Does 445 divide 404859?
False
Is 345 a factor of 453520?
False
Is 52 a factor of 30319?
False
Is 570843 a multiple of 697?
True
Is 6779260 a multiple of 1570?
True
Is 294174 a multiple of 6?
True
Is 246008 a multiple of 29?
False
Is 10980225 a multiple of 45?
True
Is 2 a factor of 59241?
False
Is 19 a factor of 25383?
False
Is 19254500 a multiple of 10?
True
Does 229 divide 19274243?
True
Is 5 a factor of 1138685?
True
Is 12880147 a multiple of 469?
True
Is 239 a factor of 951378?
False
Does 2 divide 912194?
True
Is 287 a factor of 8680028?
True
Does 26 divide 2591243?
False
Is 4745735 a multiple of 62?
False
Does 11 divide 31988?
True
Is 825 a factor of 17842275?
True
Is 96870 a multiple of 6?
True
Is 547560 a multiple of 91?
False
Is 881335 a multiple of 18?
False
Is 108 a factor of 5705514?
False
Does 15 divide 1441035?
True
Is 695 a factor of 987253?
False
Is 275772 a multiple of 84?
True
Is 5489680 a multiple of 28?
True
Does 997 divide 9141493?
True
Is 433309 a multiple of 371?
False
Does 13 divide 1167483?
False
Does 16 divide 1923835?
False
Is 183154 a multiple of 46?
False
Is 26 a factor of 234286?
True
Is 136 a factor of 8908547?
False
Is 134651 a multiple of 194?
False
Is 1649389 a multiple of 49?
True
Does 26 divide 8029554?
True
Does 153 divide 850680?
True
Is 20 a factor of 18813832?
False
Is 1483 a factor of 3353969?
False
Is 32 a factor of 19280736?
True
Is 199 a factor of 158404?
True
Does 967 divide 4133925?
True
Is 19 a factor of 39349?
True
Is 155 a factor of 810650?
True
Is 443772 a multiple of 108?
True
Does 4 divide 52624?
True
Does 15 divide 3200284?
False
Is 3 a factor of 120951?
True
Is 26 a factor of 37766?
False
Does 825 divide 214545?
False
Is 315524 a multiple of 6?
False
Does 125 divide 37250?
True
Is 34446 a multiple of 37?
False
Does 6 divide 660990?
True
Is 5625109 a multiple of 42?
False
Does 5 divide 84755?
True
Is 9074450 a multiple of 71?
False
Is 8 a factor of 65672?
True
Does 450 divide 160200?
True
Is 4 a factor of 27488?
True
Does 15 divide 117030?
True
Does 15 divide 296930?
False
Does 124 divide 14632?
True
Does 10 divide 13780?
True
Is 4370384 a multiple of 16?
True
Is 71 a factor of 49278?
False
Is 213149 a multiple of 129?
False
Is 1046675 a multiple of 175?
True
Is 73561 a multiple of 146?
False
Does 118 divide 3049592?
True
Does 48 divide 175392?
True
Does 235 divide 388220?
True
Is 13 a factor of 545064?
True
Is 5232 a multiple of 7?
False
Is 938435 a multiple of 6?
False
Does 14 divide 531779?
False
Is 631410 a multiple of 30?
True
Is 24120 a multiple of 120?
True
Is 279966 a multiple of 35?
False
Is 20224350 a multiple of 450?
True
Does 31 divide 15580?
False
Is 30814 a multiple of 71?
True
Is 52276 a multiple of 176?
False
Does 12 divide 6166344?
True
Is 11282777 a multiple of 565?
False
Is 1585979 a multiple of 11?
False
Is 52 a factor of 212091?
False
Does 181 divide 1097584?
True
Is 394 a factor of 844736?
True
Does 16 divide 36752?
True
Does 525 divide 7561819?
False
Is 6674 a multiple of 20?
False
Is 12 a factor of 203244?
True
Does 79 divide 422330?
False
Is 524 a factor of 2271016?
True
Does 11 divide 846725?
True
Does 59 divide 378092?
False
Is 146 a factor of 1461314?
True
Is 489000 a multiple of 200?
True
Is 154 a factor of 652498?
True
Is 683 a factor of 9129?
False
Does 8 divide 1651783?
False
Does 677 divide 1020239?
True
Is 167280 a multiple of 136?
True
Is 523 a factor of 5029742?
False
Is 48 a factor of 316861?
False
Does 114 divide 162868?
False
Is 27242 a multiple of 53?
True
Is 159 a factor of 374493?
False
Does 82 divide 1153576?
True
Is 198 a factor of 445500?
True
Is 44 a factor of 476004?
False
Is 8411400 a multiple of 600?
True
Does 331 divide 133393?
True
Is 36 a factor of 39470468?
False
Does 163 divide 423148?
True
Is 595923 a multiple of 172?
False
Is 30 a factor of 10120044?
False
Is 678822 a multiple of 46?
True
Does 32 divide 18534936?
False
Is 507 a factor of 1504928?
False
Is 48448 a multiple of 64?
True
Does 10 divide 119273?
False
Does 62 divide 971168?
True
Does 10 divide 775220?
True
Is 69 a factor of 112263?
True
Is 13541982 a multiple of 151?
True
Does 18 divide 128114?
False
Does 13 divide 76466?
True
Is 4243903 a multiple of 227?
False
Does 4 divide 1328452?
True
Does 127 divide 895221?
False
Is 2259040 a multiple of 7?
True
Does 10 divide 1322323?
False
Does 87 divide 10550258?
False
Is 3 a factor of 16041?
True
Is 186 a factor of 491598?
True
Does 23 divide 1271170?
False
Is 740 a factor of 4966399?
False
Does 102 divide 351954?
False
Does 115 divide 58190?
True
Is 5 a factor of 102230?
True
Is 155 a factor of 343325?
True
Is 2144647 a multiple of 12?
False
Is 7 a factor of 1500100?
True
Is 19139 a multiple of 66?
False
Is 207 a factor of 5389659?
True
Is 26 a factor of 258409?
False
Does 106 divide 11674?
False
Is 1907855 a multiple of 11?
False
Is 127 a factor of 11103864?
True
Is 405 a factor of 725760?
True
Is 477367 a multiple of 31?
False
Is 12597023 a multiple of 91?
False
Does 615 divide 2402435?
False
Is 363 a factor of 28712937?
True
Does 5 divide 4387?
False
Does 29 divide 64269?
False
Is 308118 a multiple of 6?
True
Is 2912114 a multiple of 171?
False
Is 731064 a multiple of 166?
True
Is 4 a factor of 77849?
False
Does 17 divide 2704125?
False
Is 86291 a multiple of 9?
False
Does 97 divide 46940?
False
Does 21 divide 4276146?
True
Is 181629 a multiple of 13?
False
Is 789 a factor of 665916?
True
Is 798 a multiple of 62?
False
Is 4432000 a multiple of 277?
True
Is 687205 a multiple of 15?
False
Does 61 divide 64355?
True
Is 953084 a multiple of 97?
False
Is 10 a factor of 4236000?
True
Is 169119 a multiple of 69?
True
Is 18183 a multiple of 57?
True
Does 13 divide 127439?
True
Is 155776 a multiple of 146?
False
Is 4 a factor of 751646?
False
Does 13 divide 418798?
False
Is 1354824 a multiple of 60